
What is the highest common factor of 3510 and 4555970?
10
What is the greatest common factor of 200984 and 61712?
56
What is the highest common factor of 38 and 640648479?
19
Calculate the highest common factor of 30358 and 140782.
86
Calculate the greatest common factor of 66 and 24430538.
22
Calculate the highest common factor of 28698904 and 47996.
676
What is the highest common divisor of 1861731 and 189?
27
What is the highest common factor of 187 and 224390888?
17
Calculate the highest common divisor of 60195486 and 10345.
2069
Calculate the highest common divisor of 5786 and 16897750.
526
Calculate the highest common divisor of 207 and 4961853.
9
What is the greatest common factor of 5465669 and 5412?
451
Calculate the highest common factor of 2908684 and 31424.
1964
Calculate the greatest common divisor of 312495 and 703425.
1245
Calculate the greatest common factor of 327641 and 51.
17
What is the highest common divisor of 21 and 130524639?
21
Calculate the greatest common divisor of 88653 and 53243769.
3057
What is the highest common divisor of 854204 and 52?
52
What is the greatest common factor of 3712250 and 379750?
7750
Calculate the highest common divisor of 1200 and 5672500.
100
What is the greatest common factor of 74 and 5451802?
74
What is the greatest common divisor of 557274 and 15720?
786
Calculate the highest common divisor of 27819 and 3717.
9
What is the greatest common factor of 468 and 5884840?
52
Calculate the greatest common divisor of 207 and 5014299.
69
What is the highest common divisor of 62486 and 34226?
314
What is the greatest common factor of 70 and 57354710?
70
What is the highest common divisor of 1172307 and 312075?
219
What is the highest common factor of 227632 and 225008?
656
Calculate the greatest common divisor of 40 and 887021.
1
What is the highest common divisor of 245 and 5394110?
5
What is the greatest common divisor of 976249 and 3429?
127
Calculate the highest common divisor of 53482032 and 73996.
5692
What is the greatest common divisor of 191595 and 50085?
795
What is the highest common factor of 46312 and 193144?
56
Calculate the highest common divisor of 64894380 and 1570.
1570
Calculate the greatest common factor of 1389 and 51919431.
1389
Calculate the greatest common factor of 7044540 and 197280.
8220
What is the highest common divisor of 883883 and 19019?
1001
What is the highest common factor of 310 and 20728610?
10
What is the greatest common divisor of 214750 and 92700?
50
Calculate the highest common factor of 235697 and 15400.
77
What is the greatest common factor of 218799 and 155043?
1449
What is the highest common factor of 218990 and 3619740?
610
What is the greatest common divisor of 64611 and 10557?
27
Calculate the greatest common factor of 75163136 and 208.
16
What is the highest common divisor of 253 and 197898371?
253
What is the highest common divisor of 42225190 and 280?
70
Calculate the greatest common factor of 402 and 801538353.
201
What is the highest common divisor of 402852 and 52348?
2276
Calculate the greatest common divisor of 60386308 and 84462.
4022
What is the highest common divisor of 18851536 and 121440?
4048
Calculate the greatest common divisor of 49 and 237682557.
7
What is the greatest common divisor of 4208 and 29575928?
2104
Calculate the highest common factor of 6 and 21220494.
6
What is the highest common factor of 70 and 288139690?
10
What is the highest common factor of 170 and 43054520?
10
Calculate the greatest common factor of 8 and 6589144.
8
Calculate the greatest common factor of 247 and 3583437.
13
What is the highest common divisor of 1348 and 41389666?
674
Calculate the greatest common factor of 24940 and 52230595.
6235
What is the greatest common factor of 1103 and 28701163?
1103
What is the greatest common factor of 1700874 and 1260?
126
Calculate the greatest common factor of 997 and 27008730.
997
Calculate the greatest common factor of 646 and 13368647.
323
What is the highest common factor of 43398 and 3786?
6
Calculate the highest common divisor of 103169 and 3394633.
1243
Calculate the highest common divisor of 4792371 and 6.
3
Calculate the greatest common factor of 5504 and 1716560.
688
What is the greatest common divisor of 2285 and 674049865?
2285
Calculate the greatest common divisor of 29214 and 1300564.
1082
Calculate the greatest common factor of 3878 and 123492694.
554
Calculate the highest common divisor of 25756848 and 39.
39
What is the greatest common factor of 18 and 835136?
2
Calculate the highest common divisor of 1638 and 1482858.
234
Calculate the greatest common factor of 14857293 and 105149.
869
Calculate the highest common factor of 4248160 and 163099.
3793
What is the greatest common factor of 150980254 and 202?
202
Calculate the highest common divisor of 9798 and 53676.
426
What is the greatest common factor of 1125 and 280522350?
225
Calculate the greatest common factor of 14580 and 4356.
36
Calculate the greatest common factor of 238111403 and 124.
31
Calculate the highest common factor of 3034 and 451252.
74
Calculate the highest common factor of 2029276 and 2432.
76
What is the greatest common divisor of 77374 and 3982?
22
Calculate the highest common divisor of 23296 and 337064.
728
Calculate the greatest common factor of 6788173 and 174643.
2863
Calculate the highest common factor of 7504 and 20825007.
469
What is the greatest common factor of 132064 and 92320990?
8254
Calculate the greatest common factor of 36066325 and 25.
25
Calculate the greatest common divisor of 690058980 and 117.
117
Calculate the greatest common factor of 33666 and 426798.
1086
What is the greatest common divisor of 2683736 and 1276?
44
What is the highest common factor of 150 and 275090?
10
What is the greatest common divisor of 3 and 2927931?
3
What is the greatest common factor of 2013216 and 3647076?
3756
What is the highest common divisor of 8423998 and 198?
22
What is the greatest common factor of 84112 and 19096?
56
What is the highest common factor of 57226093 and 3818?
1909
Calculate the highest common factor of 51799 and 99443.
277
Calculate the greatest common divisor of 481065 and 8580.
195
What is the greatest common divisor of 1073 and 3116880?
37
What is the highest common factor of 3619344 and 696?
24
Calculate the highest common factor of 545 and 21065.
5
Calculate the highest common factor of 1852612 and 3956.
172
What is the highest common factor of 4312 and 12560328?
88
Calculate the greatest common divisor of 18 and 209601.
9
What is the highest common divisor of 145 and 319783?
29
What is the highest common divisor of 1948272 and 193584?
1776
What is the highest common factor of 1796543734 and 6082?
6082
What is the highest common divisor of 80960 and 819904?
1472
Calculate the greatest common factor of 30261 and 61701.
393
What is the highest common factor of 1775407 and 13124?
193
Calculate the greatest common divisor of 114631 and 1812028.
613
What is the greatest common divisor of 6125 and 295225?
1225
What is the greatest common factor of 8381 and 18250367?
493
What is the greatest common factor of 58163 and 27566?
7
Calculate the greatest common divisor of 61689541 and 1213.
1213
What is the greatest common factor of 432 and 2984?
8
What is the highest common divisor of 50 and 701333775?
25
Calculate the greatest common factor of 26 and 901879277.
13
What is the greatest common divisor of 5250933 and 12447?
27
Calculate the greatest common factor of 393781 and 154811.
1039
What is the highest common factor of 68172398 and 178?
178
Calculate the highest common factor of 10416 and 7024073.
217
What is the greatest common factor of 34 and 1523404?
34
Calculate the highest common divisor of 1188 and 10124352.
108
What is the greatest common factor of 2672 and 36728644?
668
What is the greatest common factor of 2558772 and 10508?
148
What is the highest common factor of 40379643 and 27?
9
What is the greatest common divisor of 908270 and 27643?
3949
What is the greatest common divisor of 35155510 and 11115?
1235
Calculate the greatest common divisor of 1214000 and 326000.
2000
Calculate the highest common divisor of 20364 and 27132.
12
Calculate the greatest common divisor of 29623 and 44627.
11
W